 of g.
2, 1283
Suppose -8*j + 5*j = -4*j + 7116. List the prime factors of j.
2, 3, 593
Let q be 3/((-3)/925)*-2. Suppose -6*k + q + 1426 = 0. List the prime factors of k.
2, 3, 7, 13
Suppose 13530 = 5*w - 5*d, -3*w - 11*d + 8153 = -7*d. List the prime factors of w.
2711
Let a(v) = -2058*v + 10587. What are the prime factors of a(-11)?
3, 5, 443
Let c be (-17 - -22)*((-18)/15 + 2). Suppose -5*m - 295 = -c*p, 0 = p - 3*p + m + 155. List the prime factors of p.
2, 5
Let u be (9/(-18))/(3/(-48)). Suppose u = -2*t, 3*m - 3*t - 432 = -2*m. What are the prime factors of m?
2, 3, 7
Let c(m) = 15*m**2 - 101*m + 697. What are the prime factors of c(49)?
23, 1381
Let m(o) = 5*o**3 - 39*o**2 - 40*o + 167. What are the prime factors of m(17)?
12781
Let m = 1027 + -466. Suppose -y = 3*z - m, 5*y = -6*z + 11*z + 2805. What are the prime factors of y?
3, 11, 17
Let f = 20198 + 1849. What are the prime factors of f?
3, 7349
Suppose -5*o + 24 = 74. Let l(v) = v**3 + 10*v**2 - 9*v + 27. List the prime factors of l(o).
3, 13
Let c be (-13265)/(-175) - (-2)/10*1. Let w = c - -111. What are the prime factors of w?
11, 17
Suppose 0 = 5*n + 15 - 5. Let o(d) = -28*d**3 + 5*d**2 + 2*d - 2. What are the prime factors of o(n)?
2, 7, 17
Suppose 884 = -4*k + 3456. Suppose -3*s = -4*g + 896, 2*g - k = -5*s - 195. List the prime factors of g.
2, 7
Let n(k) = 4*k**2 + k + 20. Let p(r) = -3*r**2 + 32*r - 6. Let g be p(11). What are the prime factors of n(g)?
19, 61
Let p(r) = -r**2 - r + 86. Let k be p(-10). Let i(q) = -2*q**2 - 4*q + 0 - q**3 + 0*q**2 + 4. List the prime factors of i(k).
2, 13
Let j = -470 + 231. Let a = 261 + j. What are the prime factors of a?
2, 11
Let h be ((-10)/3)/((-20)/30). Suppose h*z = -3*f + 1106, 4*z + 34*f - 35*f - 895 = 0. What are the prime factors of z?
223
Let f(l) = 64*l + 79. Let b(k) = -21*k - 26. Let o(m) = 14*b(m) + 4*f(m). Let a be ((-4)/20)/((-2)/(-90)). List the prime factors of o(a).
2, 3, 7
Let o be 1*6/18 + (-4562)/(-3). Let c = 305 + o. List the prime factors of c.
2, 11, 83
Let z = 4737 - 2695. Let p = -399 + z. List the prime factors of p.
31, 53
Let n be 3/12 + (-17739)/(-36). Let u = n - 307. What are the prime factors of u?
2, 3, 31
Let v(q) = -7*q**2 + 8*q + 4686. List the prime factors of v(0).
2, 3, 11, 71
Let l be (-9)/(-6) - 72/(-16). Suppose 5*k + 3*i = l*i + 674, 2*k - 2*i - 268 = 0. Suppose -k = -5*g + 3*g. List the prime factors of g.
2, 17
Suppose 9*i - 642 - 18910 = 23225. List the prime factors of i.
7, 97
Let h be 6*(22/(-6) - -3). Let x(g) = -g + 1. Let o(u) = 40*u + 7. Let i(l) = h*x(l) + o(l). List the prime factors of i(1).
47
List the prime factors of (251758/(-230))/((-1)/10).
2, 13, 421
Suppose 1761 = 26*f - 4765. Let a = f - -257. What are the prime factors of a?
2, 127
Let w = 198 - 123. Suppose 3*q + 2*q = w. Suppose -q = -5*r, 2*d - 96 = -5*r + 3. What are the prime factors of d?
2, 3, 7
Let f(d) = -5*d + 34. Let n be f(-10). Let r = n + 44. Let h = r - 55. List the prime factors of h.
73
Let w be (-831)/15 + 1 - 6/(-15). Let v = w + 58. Suppose -301 = -b - 2*b + r, v*r + 184 = 2*b. What are the prime factors of b?
2, 3, 17
List the prime factors of (-24)/(-2) - (-21 + -528).
3, 11, 17
Let n(k) = -k**3 + 5*k**2 - 7. Let r be n(4). Let m be 18/(-4)*6/r. What are the prime factors of (25 + -28)/(m/139)?
139
Let t(k) = -k - 7. Let u be t(-18). Suppose -u*a + 8*a = -930. Let v = -150 + a. List the prime factors of v.
2, 5
Let n = -2239 + 8264. List the prime factors of n.
5, 241
List the prime factors of -29*(-16683)/18 - (-12 + (-219)/(-18)).
2, 89, 151
Suppose -44 = -2*t - 2*a + 20, -5*a = -5*t + 180. Let h = t + -30. Suppose h*i = 7*i - 270. List the prime factors of i.
2, 3, 5
Let y = -12 - -7. Let o(t) = -t**3 + 28*t**2 - 5*t + 124. Let v be o(28). Let x = y - v. What are the prime factors of x?
11
What are the prime factors of (-3 - (-6 - 58))*58?
2, 29, 61
Let w(b) = -b**2 + 12*b - 408. Let i be w(0). Let c = i + 537. What are the prime factors of c?
3, 43
Let c = -6 + 6. Suppose -9*w = -c*w + 1557. Let d = 328 + w. What are the prime factors of d?
5, 31
Suppose -8*w + 4*w + 63304 = -4*a, -5*w = -a - 79150. What are the prime factors of w?
3, 1759
Suppose 8*i = -38 + 150. Suppose -i*h + 220 = -9*h. Suppose 47*f - 45*f = h. What are the prime factors of f?
2, 11
Suppose 0 = 27*a - 9773 - 4051. Suppose -b + 509 = 3*j, -2*b + 478 = -j - a. What are the prime factors of b?
7, 71
Let j = 338 + -773. Let a = -10 - j. List the prime factors of a.
5, 17
Suppose -26 = -4*y + 2*v, 0 = -2*y + 4*v - 2*v + 16. Suppose y*n = 72 + 578. Suppose 4*s - 758 = -2*d, -5*d = 5*s + n - 1085. What are the prime factors of s?
2, 47
Let j(h) = 48*h**3 + 2*h**2 - h - 1. Let o be j(2). Let g = 48 + o. What are the prime factors of g?
19, 23
Let c(a) = -a**2 - 2*a - 1. Let w(k) = 17*k**2 + 3*k - 42. Let m(b) = c(b) + w(b). List the prime factors of m(-5).
2, 11
Suppose -2203 = 5*g + 4613 - 94711. What are the prime factors of g?
17579
Suppose -s = 5*b - 135, s - 5*b - 42 - 53 = 0. Suppose -111*c + 348 = -s*c. Let h = c + 341. List the prime factors of h.
2, 127
Let o(c) = 240*c**3 + 2*c**2 - 3*c - 1. Let k be o(-1). Let i = 264 + k. What are the prime factors of i?
2, 7
Suppose -2*v = -1026 + 1016. Let p(r) be the third derivative of r**6/120 + r**5/20 - r**4/8 - 11*r**3/6 - r**2. List the prime factors of p(v).
2, 3, 29
Suppose 0 = -3*y - 6, 0 = 3*c - 3*y + 181 - 5104. What are the prime factors of c?
11, 149
Suppose -7*l + 3*l = 2*s, 5*l + 2*s - 2 = 0. Suppose 324 = 4*u - 4*x - 380, 188 = u + l*x. List the prime factors of u.
2, 3, 5
Suppose -m + 3*l + 3673 = 0, 4*l = 2*m + 2541 - 9885. List the prime factors of m.
2, 5, 367
Suppose -2*u + 694 = n - 420, -2*u - 2 = 0. Suppose 8*l - n = 2132. List the prime factors of l.
2, 7, 29
Suppose -52*n + 43*n + 2871 = 0. Suppose n = -2*z + 877. What are the prime factors of z?
3, 31
What are the prime factors of 1 - (-4 + 4) - (-71 - 47437)?
7, 11, 617
Let b = -87 + 91. What are the prime factors of (-3)/1 + b + (-4 - -59)?
2, 7
Let g = -22088 - -34049. What are the prime factors of g?
3, 443
Let f be 12/(-42) + 0 + 6642/21. Let u = f - 217. Let l = u + -51. What are the prime factors of l?
2, 3
List the prime factors of 3/((-18)/(-8))*(-17535)/(-14).
2, 5, 167
Let o = -2975 + 1013. Let m = 3041 + o. List the prime factors of m.
13, 83
Let z = 4136 + -602. Suppose -11*c = -11663 + z. What are the prime factors of c?
739
Suppose -3*n + 140*b + 103647 = 137*b, -b + 138156 = 4*n. What are the prime factors of n?
13, 2657
Suppose -756 = -7*z - 56. Suppose 30*m - 50 = z. What are the prime factors of m?
5
Suppose 5*y = 4*y - 3, -3*d = 2*y - 9. Suppose -4*b - d*u - 12 = 0, 4*b + 0 = -4*u - 12. List the prime factors of (-1 - 0/(b + 4)) + 26.
5
Suppose g - q + 0*q = -216, 3*q - 1078 = 5*g. What are the prime factors of -5 + (12 - 1) - g?
13, 17
Let f(c) = 18*c**2 - 14*c + 38. Let z be f(3). Let g = -249 + 147. Let i = g + z. What are the prime factors of i?
2, 7
Let y(p) = 4*p**3 - 375. Let g(a) = 5*a**3 + a**2 - 374. Let c(h) = 5*g(h) - 6*y(h). What are the prime factors of c(0)?
2, 5, 19
Let k be 74/(3/48*2). Suppose 2*w = 5*b - 7, 3*b - 1 = 3*w - 4. Suppose -b*q = 5*q - k. What are the prime factors of q?
2, 37
Let h = -397 - -2315. Suppose -15*j = -4157 - h. What are the prime factors of j?
3, 5
Let f(m) = 6*m**2 - 44*m - 159. What are the prime factors of f(35)?
5651
Suppose 3*a - 55 = -16. Suppose -a - 7 = 5*b. Let p = 13 + b. What are the prime factors of p?
3
Suppose -3*u - u - r = -15, u - 2*r - 6 = 0. Suppose 1481 = u*w + 429. List the prime factors of w.
263
Let o be (-2)/(-2) + 500 + 96/8. Suppose 19*u - 6498 + o = 0. List the prime factors of u.
3, 5, 7
Suppose 9*f = -0*f + 2178. Suppose 3*o + 0*o - 4*v - 418 = 0, v + 287 = 2*o. Let c = f - o. What are the prime factors of c?
2, 3
Suppose 37651 = 2*c + 5*r, -r = -462*c + 459*c + 56434. What are the prime factors of c?
3, 6271
Suppose 2 = 2*u - 3*a, -3*u + 5*a + 16 = 7*a. Suppose -222 = -2*y - u*f, -y + 51 = -3*f - 45. What are the prime factors of y?
3, 5, 7
Suppose -4*q - 4 = 0, 7*g - 2*q = 5*g. List the prime factors of g*(5 - 66)*4/4.
61
Let w(q) = 5*q**2 + 91*q + 402. List the prime factors of w(-40).
2, 2381
Let c be (